 218248.
2, 27281
List the prime factors of 7558711.
7558711
List the prime factors of 7458145.
5, 1491629
List the prime factors of 1324.
2, 331
List the prime factors of 10678921.
11, 43, 107, 211
What are the prime factors of 1334736?
2, 3, 13, 23, 31
List the prime factors of 481328.
2, 67, 449
What are the prime factors of 22962?
2, 3, 43, 89
What are the prime factors of 5033993?
19, 53, 4999
List the prime factors of 15812100.
2, 3, 5, 17569
List the prime factors of 501996.
2, 3, 11, 3803
List the prime factors of 232610.
2, 5, 7, 3323
List the prime factors of 10551789.
3, 173, 251
List the prime factors of 294305.
5, 11, 5351
What are the prime factors of 580034?
2, 7, 13, 3187
What are the prime factors of 433155?
3, 5, 67, 431
What are the prime factors of 11067437?
577, 19181
What are the prime factors of 6506996?
2, 1626749
List the prime factors of 7085236.
2, 31, 57139
List the prime factors of 368860.
2, 5, 18443
List the prime factors of 2359639.
23, 102593
List the prime factors of 2309082.
2, 3, 384847
List the prime factors of 54398.
2, 59, 461
What are the prime factors of 19408817?
59, 313, 1051
List the prime factors of 431503.
23, 73, 257
What are the prime factors of 8884469?
11, 29, 27851
What are the prime factors of 807054?
2, 3, 31, 4339
What are the prime factors of 527125?
5, 4217
What are the prime factors of 4102791?
3, 7, 11, 17761
What are the prime factors of 15951586?
2, 7, 1033, 1103
What are the prime factors of 162195?
3, 5, 11, 983
List the prime factors of 10908487.
10908487
What are the prime factors of 515024?
2, 32189
List the prime factors of 132686.
2, 66343
What are the prime factors of 122347?
122347
What are the prime factors of 724578?
2, 3, 120763
What are the prime factors of 20428042?
2, 59, 233, 743
What are the prime factors of 1281152?
2, 10009
What are the prime factors of 21446161?
11, 421
What are the prime factors of 942998?
2, 7, 193, 349
List the prime factors of 199380.
2, 3, 5, 3323
List the prime factors of 300400.
2, 5, 751
List the prime factors of 4329601.
4329601
List the prime factors of 364965.
3, 5, 29, 839
What are the prime factors of 12284847?
3, 223, 6121
What are the prime factors of 3471901?
3471901
What are the prime factors of 4099486?
2, 509, 4027
List the prime factors of 356583.
3, 118861
What are the prime factors of 207060?
2, 3, 5, 7, 17, 29
List the prime factors of 2076237.
3, 230693
List the prime factors of 6020052.
2, 3, 29, 17299
What are the prime factors of 2909139?
3, 969713
What are the prime factors of 11804981?
101, 116881
List the prime factors of 385993.
89, 4337
What are the prime factors of 1296929?
1296929
What are the prime factors of 2360554?
2, 7, 103, 1637
List the prime factors of 14890.
2, 5, 1489
What are the prime factors of 174532?
2, 43633
List the prime factors of 423904.
2, 13, 1019
List the prime factors of 1079783.
1079783
What are the prime factors of 25921264?
2, 151, 10729
What are the prime factors of 833210?
2, 5, 7, 11903
List the prime factors of 11361.
3, 7, 541
What are the prime factors of 242584?
2, 30323
What are the prime factors of 1375492?
2, 23, 14951
What are the prime factors of 7922193?
3, 1129, 2339
What are the prime factors of 29125253?
37, 181, 4349
List the prime factors of 1326995.
5, 265399
List the prime factors of 1234388.
2, 308597
List the prime factors of 1051309.
7, 101, 1487
What are the prime factors of 3080472?
2, 3, 37, 3469
List the prime factors of 494910.
2, 3, 5, 13, 47
What are the prime factors of 3068809?
29, 41, 89
What are the prime factors of 13675197?
3, 59, 77261
What are the prime factors of 312138?
2, 3, 17341
List the prime factors of 236941.
313, 757
List the prime factors of 9249219.
3, 7, 19, 7727
What are the prime factors of 247301?
247301
What are the prime factors of 1053666?
2, 3, 58537
What are the prime factors of 9403425?
3, 5, 13931
What are the prime factors of 31909498?
2, 53, 461, 653
What are the prime factors of 760723?
760723
List the prime factors of 7758784.
2, 11, 103, 107
What are the prime factors of 453492?
2, 3, 13, 17, 19
List the prime factors of 385487.
397, 971
List the prime factors of 972144.
2, 3, 43, 157
What are the prime factors of 1560539?
1560539
List the prime factors of 1653210.
2, 3, 5, 13, 157
What are the prime factors of 6724163?
17, 53, 439
What are the prime factors of 6883?
6883
What are the prime factors of 814041?
3, 151, 599
What are the prime factors of 1278831?
3, 37, 41, 281
What are the prime factors of 402716?
2, 83, 1213
What are the prime factors of 1182755?
5, 7, 47, 719
What are the prime factors of 1610347?
1610347
List the prime factors of 26536751.
149, 241, 739
List the prime factors of 418926.
2, 3, 69821
List the prime factors of 260781.
3, 86927
List the prime factors of 2867211.
3, 103, 1031
List the prime factors of 126689.
151, 839
What are the prime factors of 237921?
3, 71, 1117
What are the prime factors of 19473?
3, 6491
List the prime factors of 250052.
2, 11, 5683
List the prime factors of 132719.
17, 37, 211
List the prime factors of 576234.
2, 3, 3557
What are the prime factors of 1571662?
2, 53, 14827
List the prime factors of 7650747.
3, 13, 71, 307
What are the prime factors of 630660?
2, 3, 5, 23, 457
List the prime factors of 4122758.
2, 2061379
What are the prime factors of 259076?
2, 239, 271
What are the prime factors of 17377049?
283, 61403
List the prime factors of 44089223.
31, 173, 8221
List the prime factors of 161194.
2, 11, 17, 431
What are the prime factors of 185956?
2, 46489
What are the prime factors of 201094?
2, 100547
What are the prime factors of 3739575?
3, 5, 7, 17, 419
What are the prime factors of 1590550?
2, 5, 13, 2447
What are the prime factors of 1336044?
2, 3, 111337
List the prime factors of 19737851.
7, 41, 97, 709
What are the prime factors of 249879?
3, 7, 73, 163
List the prime factors of 743156.
2, 185789
What are the prime factors of 5386238?
2, 11, 13, 37, 509
What are the prime factors of 2665647?
3, 296183
List the prime factors of 11783675.
5, 61, 7727
List the prime factors of 672176.
2, 43, 977
List the prime factors of 5863.
11, 13, 41
List the prime factors of 120157.
120157
List the prime factors of 144645.
3, 5, 9643
List the prime factors of 1207372.
2, 301843
What are the prime factors of 3887019?
3, 431891
What are the prime factors of 10958307?
3, 19, 192251
What are the prime factors of 3733178?
2, 461, 4049
What are the prime factors of 53805?
3, 5, 17, 211
What are the prime factors of 230437?
23, 43, 233
What are the prime factors of 5501904?
2, 3, 83, 1381
What are the prime factors of 323976?
2, 3, 13499
What are the prime factors of 27205?
5, 5441
What are the prime factors of 202103?
11, 19, 967
List the prime factors of 5650369.
61, 211, 439
List the prime factors of 13916378.
2, 7, 994027
List the prime factors of 229107.
3, 76369
List the prime factors of 214620.
2, 3, 5, 7, 73
What are the prime factors of 105838?
2, 52919
List the prime factors of 14736938.
2, 2129, 3461
List the prime factors of 1619161.
19, 31, 2749
List the prime factors of 207678.
2, 3, 34613
List the prime factors of 350840.
2, 5, 7, 179
List the prime factors of 2006465.
5, 139, 2887
List the prime factors of 1785389.
47, 37987
List the prime factors of 179328.
2, 3, 467
List the prime factors of 383299.
7, 17, 3221
List the prime factors of 1509977.
7, 109, 1979
What are the prime factors of 550295?
5, 110059
List the prime factors of 20365.
5, 4073
What are the prime factors of 7072836?
2, 3, 31, 19013
List the prime factors of 1981826.
2, 7, 11, 17, 757
List the prime factors of 124721.
124721
List the prime factors of 885410.
2, 5, 37, 2393
List the prime factors of 19989752.
2, 331, 7549
List the prime factors of 1050122.
2, 97, 5413
What are the prime factors of 460666?
2, 17, 797
What are the prime factors of 1723093?
29, 59417
What are the prime factors of 16166188?
2, 19, 37, 5749
What are the prime factors of 1295213?
17, 61, 1249
What are the prime factors of 2210825?
5, 191, 463
What are the prime factors of 6980805?
3, 5, 13, 11933
What are the prime factors of 404484?
2, 3, 37, 911
What are the prime factors of 333962?
2, 37, 4513
List the prime 